{"id":40,"date":"2019-01-10T15:21:56","date_gmt":"2019-01-10T15:21:56","guid":{"rendered":"http:\/\/pepcc.inesctec.pt\/?page_id=40"},"modified":"2020-12-04T14:31:16","modified_gmt":"2020-12-04T14:31:16","slug":"publications","status":"publish","type":"page","link":"https:\/\/pepcc.inesctec.pt\/?page_id=40","title":{"rendered":"Publications"},"content":{"rendered":"\t\t<div data-elementor-type=\"wp-post\" data-elementor-id=\"40\" class=\"elementor elementor-40\">\n\t\t\t\t\t\t<section class=\"elementor-section elementor-top-section elementor-element elementor-element-ae9cc9a elementor-section-boxed elementor-section-height-default elementor-section-height-default\" data-id=\"ae9cc9a\" data-element_type=\"section\" data-e-type=\"section\">\n\t\t\t\t\t\t<div class=\"elementor-container elementor-column-gap-default\">\n\t\t\t\t\t<div class=\"elementor-column elementor-col-100 elementor-top-column elementor-element elementor-element-315a917\" data-id=\"315a917\" data-element_type=\"column\" data-e-type=\"column\">\n\t\t\t<div class=\"elementor-widget-wrap elementor-element-populated\">\n\t\t\t\t\t\t<div class=\"elementor-element elementor-element-d774eef elementor-widget elementor-widget-heading\" data-id=\"d774eef\" data-element_type=\"widget\" data-e-type=\"widget\" data-widget_type=\"heading.default\">\n\t\t\t\t<div class=\"elementor-widget-container\">\n\t\t\t\t\t<h1 class=\"elementor-heading-title elementor-size-xl\">Project Publications<\/h1>\t\t\t\t<\/div>\n\t\t\t\t<\/div>\n\t\t\t\t<div class=\"elementor-element elementor-element-ebc9afc elementor-widget-divider--view-line elementor-widget elementor-widget-divider\" data-id=\"ebc9afc\" data-element_type=\"widget\" data-e-type=\"widget\" data-widget_type=\"divider.default\">\n\t\t\t\t<div class=\"elementor-widget-container\">\n\t\t\t\t\t\t\t<div class=\"elementor-divider\">\n\t\t\t<span class=\"elementor-divider-separator\">\n\t\t\t\t\t\t<\/span>\n\t\t<\/div>\n\t\t\t\t\t\t<\/div>\n\t\t\t\t<\/div>\n\t\t\t\t\t<\/div>\n\t\t<\/div>\n\t\t\t\t\t<\/div>\n\t\t<\/section>\n\t\t\t\t<section class=\"elementor-section elementor-top-section elementor-element elementor-element-479e165 elementor-section-boxed elementor-section-height-default elementor-section-height-default\" data-id=\"479e165\" data-element_type=\"section\" data-e-type=\"section\">\n\t\t\t\t\t\t<div class=\"elementor-container elementor-column-gap-default\">\n\t\t\t\t\t<div class=\"elementor-column elementor-col-100 elementor-top-column elementor-element elementor-element-491f81d\" data-id=\"491f81d\" data-element_type=\"column\" data-e-type=\"column\">\n\t\t\t<div class=\"elementor-widget-wrap elementor-element-populated\">\n\t\t\t\t\t\t<div class=\"elementor-element elementor-element-73217aa elementor-widget elementor-widget-heading\" data-id=\"73217aa\" data-element_type=\"widget\" data-e-type=\"widget\" data-widget_type=\"heading.default\">\n\t\t\t\t<div class=\"elementor-widget-container\">\n\t\t\t\t\t<h2 class=\"elementor-heading-title elementor-size-default\">Publications in International Peer-Reviewed Journals<\/h2>\t\t\t\t<\/div>\n\t\t\t\t<\/div>\n\t\t\t\t\t<\/div>\n\t\t<\/div>\n\t\t\t\t\t<\/div>\n\t\t<\/section>\n\t\t\t\t<section class=\"elementor-section elementor-top-section elementor-element elementor-element-bcba51a elementor-section-boxed elementor-section-height-default elementor-section-height-default\" data-id=\"bcba51a\" data-element_type=\"section\" data-e-type=\"section\">\n\t\t\t\t\t\t<div class=\"elementor-container elementor-column-gap-default\">\n\t\t\t\t\t<div class=\"elementor-column elementor-col-100 elementor-top-column elementor-element elementor-element-46ef156\" data-id=\"46ef156\" data-element_type=\"column\" data-e-type=\"column\">\n\t\t\t<div class=\"elementor-widget-wrap elementor-element-populated\">\n\t\t\t\t\t\t<div class=\"elementor-element elementor-element-38838d1 elementor-widget elementor-widget-wp-widget-text\" data-id=\"38838d1\" data-element_type=\"widget\" data-e-type=\"widget\" data-widget_type=\"wp-widget-text.default\">\n\t\t\t\t<div class=\"elementor-widget-container\">\n\t\t\t\t\t\t\t\t<div class=\"textwidget\"><ul>\n<li>Nuno Paulino, Jo\u00e3o C. Ferreira and Jo\u00e3o M. P. Cardoso, <em>&#8220;<a href=\"https:\/\/ieeexplore.ieee.org\/document\/8502926\">Dynamic Partial Reconfiguration of Customized Single-Row Accelerators<\/a>&#8220;,<\/em> in <em>IEEE Transactions on Very Large Scale Integration (VLSI) Systems<\/em>, vol. 27, no. 1, pp. 116-125, Jan. 2019.<\/li>\n<li>Mario V\u00e9stias, Rui P. Duarte, Jos\u00e9 T. de Sousa, Hor\u00e1cio C. Neto, &#8220;<a href=\"https:\/\/www.mdpi.com\/2079-9292\/8\/11\/1321#cite\">Fast Convolutional Neural Networks in Low Density FPGAs Using Zero-Skipping and Weight Pruning<\/a>&#8220;, <em>Electronics<\/em> 2019, <em>8<\/em>, 1321, 9 Nov. 2019<\/li>\n<li>Nuno Paulino, Jo\u00e3o C. Ferreira, and Jo\u00e3o M. P. Cardoso, 2020. &#8220;<em><a href=\"https:\/\/dl.acm.org\/doi\/10.1145\/3369764\">Improving Performance and Energy Consumption in Embedded Systems via Binary Acceleration: A Survey<\/a>&#8220;,<\/em> <i>ACM Computing Surveys (CSUR)<\/i> 53, vol. 1, Article 6 (February 2020), 36 pages<\/li>\n<li>Mario V\u00e9stias, Rui P. Duarte, Jos\u00e9 T. de Sousa, Hor\u00e1cio C. Neto,&#8221;<a href=\"https:\/\/ieeexplore.ieee.org\/document\/9110581\">A Configurable Architecture for Running Hybrid Convolutional Neural Networks in Low-Density FPGAs<\/a>&#8220;, in <em>IEEE Access<\/em>, vol. 8, pp. 107229-107243, 08 June 2020<\/li>\n<li>Valter M\u00e1rio, Jo\u00e3o D. Lopes, Mario V\u00e9stias, Jos\u00e9 T. de Sousa, &#8220;<a href=\"https:\/\/link.springer.com\/chapter\/10.1007\/978-3-030-44534-8_22#citeas\">Implementing CNNs Using a Linear Array of Full Mesh CGRAs<\/a>&#8220;, In: Rinc\u00f3n F., Barba J., So H., Diniz P., Caba J. (eds) <em>Applied Reconfigurable Computing. Architectures, Tools, and Applications<\/em> (ARC), 25 March 2020, Lecture Notes in Computer Science, vol 12083. Springer, Cham.<\/li>\n<li>M\u00e1rio V\u00e9stias, Rui P. Duarte, Jos\u00e9 T. de Sousa, Hor\u00e1cio C. Neto, &#8220;<a href=\"https:\/\/www.sciencedirect.com\/science\/article\/pii\/S0141933120303033\">A fast and scalable architecture to run convolutional neural networks in low density FPGAs<\/a>&#8220;, Microprocessors and Microsystems, Volume 77, 2020, 14 May 2020<\/li>\n<li><\/li>\n<li>M\u00e1rio V\u00e9stias, Rui P. Duarte, Jos\u00e9 T. de Sousa, Hor\u00e1cio C. Neto, &#8220;<a href=\"https:\/\/www.mdpi.com\/1999-4893\/13\/5\/125\">Moving Deep Learning to the Edge<\/a>&#8220;, <em>Algorithms<\/em> 2020, <em>13<\/em>, 12, 18 May 2020<\/li>\n<li>Nuno Paulino, Jo\u00e3o C. Ferreira, and Jo\u00e3o M. P. Cardoso, &#8220;<em><a href=\"https:\/\/ieeexplore.ieee.org\/document\/9170625\">Optimizing OpenCL Code for Performance on FPGA: k-Means Case Study With Integer Data Sets<\/a><\/em>,&#8221; in <em>IEEE Access<\/em>, vol. 8, pp. 152286-152304, 18 August 2020<\/li>\n<\/ul>\n<\/div>\n\t\t\t\t\t\t<\/div>\n\t\t\t\t<\/div>\n\t\t\t\t\t<\/div>\n\t\t<\/div>\n\t\t\t\t\t<\/div>\n\t\t<\/section>\n\t\t\t\t<section class=\"elementor-section elementor-top-section elementor-element elementor-element-3a04e7a elementor-section-boxed elementor-section-height-default elementor-section-height-default\" data-id=\"3a04e7a\" data-element_type=\"section\" data-e-type=\"section\">\n\t\t\t\t\t\t<div class=\"elementor-container elementor-column-gap-default\">\n\t\t\t\t\t<div class=\"elementor-column elementor-col-100 elementor-top-column elementor-element elementor-element-a91b8a6\" data-id=\"a91b8a6\" data-element_type=\"column\" data-e-type=\"column\">\n\t\t\t<div class=\"elementor-widget-wrap elementor-element-populated\">\n\t\t\t\t\t\t<div class=\"elementor-element elementor-element-3785f71 elementor-widget elementor-widget-heading\" data-id=\"3785f71\" data-element_type=\"widget\" data-e-type=\"widget\" data-widget_type=\"heading.default\">\n\t\t\t\t<div class=\"elementor-widget-container\">\n\t\t\t\t\t<h2 class=\"elementor-heading-title elementor-size-default\">Publications in International Peer-Reviewed Conferences<\/h2>\t\t\t\t<\/div>\n\t\t\t\t<\/div>\n\t\t\t\t\t<\/div>\n\t\t<\/div>\n\t\t\t\t\t<\/div>\n\t\t<\/section>\n\t\t\t\t<section class=\"elementor-section elementor-top-section elementor-element elementor-element-8c3c940 elementor-section-boxed elementor-section-height-default elementor-section-height-default\" data-id=\"8c3c940\" data-element_type=\"section\" data-e-type=\"section\">\n\t\t\t\t\t\t<div class=\"elementor-container elementor-column-gap-default\">\n\t\t\t\t\t<div class=\"elementor-column elementor-col-100 elementor-top-column elementor-element elementor-element-6210891\" data-id=\"6210891\" data-element_type=\"column\" data-e-type=\"column\">\n\t\t\t<div class=\"elementor-widget-wrap elementor-element-populated\">\n\t\t\t\t\t\t<div class=\"elementor-element elementor-element-a046e68 elementor-widget elementor-widget-wp-widget-text\" data-id=\"a046e68\" data-element_type=\"widget\" data-e-type=\"widget\" data-widget_type=\"wp-widget-text.default\">\n\t\t\t\t<div class=\"elementor-widget-container\">\n\t\t\t\t\t\t\t\t<div class=\"textwidget\"><ul>\n<li>Lu\u00eds Fiolhais, Fernando Gon\u00e7alves, Rui P. Duarte, M\u00e1rio V\u00e9stias and Jo\u015be T. de Sousa, &#8220;<a href=\"https:\/\/ieeexplore.ieee.org\/document\/8702538\">Low Energy Heterogeneous Computing with Multiple RISC-V and CGRA Cores<\/a>,&#8221; <em>2019 IEEE International Symposium on Circuits and Systems (ISCAS)<\/em>, Sapporo, Japan, 2019, pp. 1-5. doi: 10.1109\/ISCAS.2019.8702538<\/li>\n<li>Mario V\u00e9stias, Rui P. Duarte, Jos\u00e9 T. de Sousa, Hor\u00e1cio C. Neto, &#8220;<a href=\"https:\/\/ieeexplore.ieee.org\/document\/8892075\">Hybrid Dot-Product Calculation for Convolutional Neural Networks in FPGA<\/a>&#8220;, <em>2019 29th International Conference on Field Programmable Logic and Applications (FPL)<\/em>, Barcelona, Spain, 2019, pp. 350-353, doi: 10.1109\/FPL.2019.00062.<\/li>\n<\/ul>\n<\/div>\n\t\t\t\t\t\t<\/div>\n\t\t\t\t<\/div>\n\t\t\t\t\t<\/div>\n\t\t<\/div>\n\t\t\t\t\t<\/div>\n\t\t<\/section>\n\t\t\t\t<section class=\"elementor-section elementor-top-section elementor-element elementor-element-e1ade59 elementor-section-boxed elementor-section-height-default elementor-section-height-default\" data-id=\"e1ade59\" data-element_type=\"section\" data-e-type=\"section\">\n\t\t\t\t\t\t<div class=\"elementor-container elementor-column-gap-default\">\n\t\t\t\t\t<div class=\"elementor-column elementor-col-100 elementor-top-column elementor-element elementor-element-b251ed8\" data-id=\"b251ed8\" data-element_type=\"column\" data-e-type=\"column\">\n\t\t\t<div class=\"elementor-widget-wrap elementor-element-populated\">\n\t\t\t\t\t\t<div class=\"elementor-element elementor-element-8c16fe5 elementor-widget elementor-widget-heading\" data-id=\"8c16fe5\" data-element_type=\"widget\" data-e-type=\"widget\" data-widget_type=\"heading.default\">\n\t\t\t\t<div class=\"elementor-widget-container\">\n\t\t\t\t\t<h2 class=\"elementor-heading-title elementor-size-default\">Published Master's Thesis<\/h2>\t\t\t\t<\/div>\n\t\t\t\t<\/div>\n\t\t\t\t\t<\/div>\n\t\t<\/div>\n\t\t\t\t\t<\/div>\n\t\t<\/section>\n\t\t\t\t<section class=\"elementor-section elementor-top-section elementor-element elementor-element-793ac1e elementor-section-boxed elementor-section-height-default elementor-section-height-default\" data-id=\"793ac1e\" data-element_type=\"section\" data-e-type=\"section\">\n\t\t\t\t\t\t<div class=\"elementor-container elementor-column-gap-default\">\n\t\t\t\t\t<div class=\"elementor-column elementor-col-100 elementor-top-column elementor-element elementor-element-e549e85\" data-id=\"e549e85\" data-element_type=\"column\" data-e-type=\"column\">\n\t\t\t<div class=\"elementor-widget-wrap elementor-element-populated\">\n\t\t\t\t\t\t<div class=\"elementor-element elementor-element-322cf89 elementor-widget elementor-widget-wp-widget-text\" data-id=\"322cf89\" data-element_type=\"widget\" data-e-type=\"widget\" data-widget_type=\"wp-widget-text.default\">\n\t\t\t\t<div class=\"elementor-widget-container\">\n\t\t\t\t\t\t\t\t<div class=\"textwidget\"><ul>\n<li>Ant\u00f3nio Charana, &#8220;<a href=\"https:\/\/fenix.tecnico.ulisboa.pt\/cursos\/meec\/dissertacao\/1691203502343929\">Development Environment for a RISC-V Processor<\/a>&#8220;, July 27th 2020, Instituto Superior T\u00e9cnico de Lisboa, Jo\u00e3o T. de Sousa (Supervisor)<\/li>\n<li>Andr\u00e9 Merendeira, &#8220;<a href=\"https:\/\/fenix.tecnico.ulisboa.pt\/cursos\/meec\/dissertacao\/1691203502343956\">Verilog PNG Encoder<\/a>&#8220;, September 25th 2020, Instituto Superior T\u00e9cnico de Lisboa, Jo\u00e3o T. de Sousa (Supervisor)<\/li>\n<li>Daniel Granh\u00e3o, &#8220;<a href=\"https:\/\/repositorio-aberto.up.pt\/handle\/10216\/121193?mode=full\">Transparent control flow transfer between CPU and Intel FPGAs<\/a>&#8220;, July 17th 2019, Faculdade de Engenharia da Universidade do Porto, Jo\u00e3o Canas Ferreira (Supervisor)<\/li>\n<\/ul>\n<\/div>\n\t\t\t\t\t\t<\/div>\n\t\t\t\t<\/div>\n\t\t\t\t\t<\/div>\n\t\t<\/div>\n\t\t\t\t\t<\/div>\n\t\t<\/section>\n\t\t\t\t<\/div>\n\t\t","protected":false},"excerpt":{"rendered":"<p>Project Publications Publications in International Peer-Reviewed Journals Publications in International Peer-Reviewed Conferences Published Master&#8217;s Thesis<\/p>\n","protected":false},"author":4,"featured_media":0,"parent":0,"menu_order":0,"comment_status":"closed","ping_status":"closed","template":"","meta":{"footnotes":""},"class_list":["post-40","page","type-page","status-publish","hentry"],"_links":{"self":[{"href":"https:\/\/pepcc.inesctec.pt\/index.php?rest_route=\/wp\/v2\/pages\/40","targetHints":{"allow":["GET"]}}],"collection":[{"href":"https:\/\/pepcc.inesctec.pt\/index.php?rest_route=\/wp\/v2\/pages"}],"about":[{"href":"https:\/\/pepcc.inesctec.pt\/index.php?rest_route=\/wp\/v2\/types\/page"}],"author":[{"embeddable":true,"href":"https:\/\/pepcc.inesctec.pt\/index.php?rest_route=\/wp\/v2\/users\/4"}],"replies":[{"embeddable":true,"href":"https:\/\/pepcc.inesctec.pt\/index.php?rest_route=%2Fwp%2Fv2%2Fcomments&post=40"}],"version-history":[{"count":38,"href":"https:\/\/pepcc.inesctec.pt\/index.php?rest_route=\/wp\/v2\/pages\/40\/revisions"}],"predecessor-version":[{"id":752,"href":"https:\/\/pepcc.inesctec.pt\/index.php?rest_route=\/wp\/v2\/pages\/40\/revisions\/752"}],"wp:attachment":[{"href":"https:\/\/pepcc.inesctec.pt\/index.php?rest_route=%2Fwp%2Fv2%2Fmedia&parent=40"}],"curies":[{"name":"wp","href":"https:\/\/api.w.org\/{rel}","templated":true}]}}